101101
In base 13, what is 3 + -774?
-771
In base 15, what is -5a + 0?
-5a
In base 7, what is 5 - -1302?
1310
In base 9, what is -81 - -3?
-77
In base 11, what is -4 + -1037?
-1040
In base 11, what is a - 519?
-50a
In base 10, what is 31 - -26?
57
In base 5, what is -2 - -343?
341
In base 9, what is 5 - -1736?
1742
In base 11, what is 19 - -49?
67
In base 15, what is -3d - c?
-4a
In base 10, what is 4 - -457?
461
In base 5, what is 10010 + -3?
10002
In base 16, what is 5 - 75?
-70
In base 15, what is -4 + -16ce?
-16d3
In base 4, what is -2 + -1031103?
-1031111
In base 9, what is 4 - 1146?
-1142
In base 9, what is 108 - -218?
327
In base 11, what is 427 + 3?
42a
In base 9, what is -1845 - -12?
-1833
In base 2, what is -10100110 - 110?
-10101100
In base 7, what is -2 + -1560?
-1562
In base 6, what is 11 - 10040?
-10025
In base 13, what is 24 + -5?
1c
In base 10, what is 19 + -755?
-736
In base 16, what is 12 - 5?
d
In base 12, what is 1a - -14?
32
In base 2, what is 1001000101 + -1001?
1000111100
In base 7, what is -1 - 103?
-104
In base 8, what is 3101 - 4?
3075
In base 2, what is 1100001 + 100?
1100101
In base 12, what is 3 - -461?
464
In base 7, what is -5 + -1423?
-1431
In base 10, what is 260 - 0?
260
In base 8, what is 1 + -1464?
-1463
In base 3, what is 2 - -201022?
201101
In base 7, what is -15 - 100?
-115
In base 3, what is 11 + 10210?
10221
In base 7, what is 23 + -260?
-234
In base 13, what is 10 - -78?
88
In base 3, what is -1222 + 10?
-1212
In base 9, what is 5 + -120?
-114
In base 7, what is 4 + -23?
-16
In base 15, what is -1834 + -3?
-1837
In base 6, what is -1 - 11?
-12
In base 2, what is -10101111 + -101?
-10110100
In base 6, what is 1250 - -45?
1335
In base 15, what is 90c - -1?
90d
In base 15, what is b + 11?
1c
In base 3, what is 121 + 2?
200
In base 14, what is b - c3?
-b6
In base 16, what is 178f + -2?
178d
In base 9, what is -28 - -5?
-23
In base 2, what is -10111 - 1101?
-100100
In base 7, what is 60 + 5?
65
In base 11, what is a59 - -6?
a64
In base 7, what is -1 + -4651?
-4652
In base 5, what is -30 + 120?
40
In base 16, what is -89b - 0?
-89b
In base 4, what is 11133231 - -2?
11133233
In base 11, what is 5 + 1549?
1553
In base 16, what is -b6 + 0?
-b6
In base 2, what is -111001 - 101?
-111110
In base 9, what is 768 + 3?
772
In base 4, what is -10 - -232?
222
In base 9, what is 1 + 7005?
7006
In base 14, what is 9 - 21?
-16
In base 3, what is 211110 - -11?
211121
In base 15, what is -2 + -6bb?
-6bd
In base 5, what is 32 - 20?
12
In base 5, what is 3001 + 0?
3001
In base 7, what is 1 + -4?
-3
In base 10, what is -19 + 14?
-5
In base 4, what is 1222202 + 1?
1222203
In base 6, what is 0 + -2115?
-2115
In base 7, what is 16 - -255?
304
In base 7, what is 6 - -16601?
16610
In base 15, what is -23 + bd?
9a
In base 14, what is 5 + 334?
339
In base 15, what is 1d + -28?
-a
In base 14, what is 698 - a?
68c
In base 5, what is -4 - 1041?
-1100
In base 6, what is -15 - 244?
-303
In base 14, what is -28a - -3?
-287
In base 2, what is 100000101 - -11?
100001000
In base 9, what is 714 + 16?
731
In base 16, what is -69 - 4?
-6d
In base 10, what is 0 + -76?
-76
In base 15, what is 1 - -1d?
1e
In base 3, what is -120 + -2?
-122
In base 12, what is 19 - -4?
21
In base 8, what is -5 - -7577?
7572
In base 15, what is 0 + 917?
917
In base 8, what is -15 - -767?
752
In base 3, what is 12 - 11002?
-10220
In base 11, what is 71 + 48?
109
In base 12, what is -105 - -2?
-103
In base 16, what is -1 - -2c?
2b
In base 10, what is -8 + 216?
208
In base 11, what is -131a - 1?
-1320
In base 12, what is -14 - -39?
25
In base 16, what is -1a3 + -1?
-1a4
In base 11, what is 4 + -286?
-282
In base 10, what is 74 + 95?
169
In base 11, what is 10a + 3?
112
In base 14, what is -5 - -cc?
c7
In base 6, what is -12 + 2301?
2245
In base 4, what is -11 - -200310?
200233
In base 10, what is -6 + 69?
63
In base 16, what is d - -2c9?
2d6
In base 10, what is -2 - -1765?
1763
In base 2, what is -11 - -11010100110?
11010100011
In base 5, what is 23 - -130?
203
In base 15, what is 0 - -279?
279
In base 12, what is 2b + 20?
4b
In base 16, what is 4 + 25e?
262
In base 13, what is 15 + 3?
18
In base 14, what is 3cc - 3?
3c9
In base 10, what is 11511 + -3?
11508
In base 10, what is 1 + 609?
610
In base 7, what is 5 + -41?
-33
In base 2, what is 1101010 + 101010?
10010100
In base 2, what is 10 - -100111?
101001
In base 12, what is 0 + 27?
27
In base 4, what is -2232 - -11?
-2221
In base 13, what is 4 - 16?
-12
In base 11, what is -242 - 3?
-245
In base 7, what is 5 + -204?
-166
In base 7, what is -4 + 2223?
2216
In base 14, what is b + -22?
-15
In base 13, what is 1 - 33?
-32
In base 5, what is -123 - 0?
-123
In base 5, what is 10 + 313?
323
In base 5, what is -133121 - -12?
-133104
In base 7, what is -33 + -20?
-53
In base 6, what is 521 + 14?
535
In base 4, what is -1102 - -10?
-1032
In base 2, what is 101 + -100100?
-11111
In base 7, what is 2 - 53?
-51
In base 16, what is -1 + a3?
a2
In base 9, what is -1760 + 5?
-1754
In base 4, what is 21311 + -10?
21301
In base 16, what is -10 + -5e?
-6e
In base 6, what is -2 + -3203?
-3205
In base 5, what is 33 - 222?
-134
In base 8, what is 0 + -5?
-5
In base 12, what is -6 - 677?
-681
In base 14, what is -2 - 35?
-37
In base 15, what is -2 + -22?
-24
In base 3, what is 212001 - 0?
212001
In base 7, what is 5351 - 0?
5351
In base 15, what is 1 - 4e?
-4d
In base 8, what is 122 + 150?
272
In base 11, what is 1 - -62?
63
In base 5, what is -112 + 3?
-104
In base 14, what is 8 + 6?
10
In base 7, what is -5 - -211?
203
In base 12, what is 24 - -3?
27
In base 10, what is -11 - 381?
-392
In base 2, what is -1 - -1110110?
1110101
In base 5, what is -4 + -101?
-110
In base 14, what is 57d + -5?
578
In base 6, what is 1134 + -5?
1125
In base 12, what is 30 - -4?
34
In base 5, what is -204422 - 3?
-204430
In base 5, what is -33242 + -1?
-33243
In base 3, what is 10 + -22002?
-21222
In base 14, what is -1a + 28a?
270
In base 3, what is -200 + -11001?
-11201
In base 9, what is 0 + 45?
45
In base 5, what is 111 - -1?
112
In base 7, what is 10 + -2111?
-2101
In base 3, what is 0 + -21212?
-21212
In base 12, what is 12 - -6?
18
In base 9, what is 14 - -20?
34
In base 15, what is 1e + 1?
20
In base 3, what is -100 - 2211?
-10011
In base 14, what is a - 164?
-158
In base 11, what is -15 + -5a8?
-612
In base 11, what is 4 - -49?
52
In base 12, what is 100 + 37?
137
In base 2, what is 101 - 101011?
-100110
In base 5, what is 2 - -244?
301
In base 5, what is 4 - 13432?
-13423
In base 9, what is -1 - 1048?
-1050
In base 15, what is 16 + -c2?
-ab
In base 16, what is 16 + b?
21
In base 8, what is 726 + -3?
723
In base 12, what is -10 + 5?
-7
In base 5, what is -1330 - -21?
-1304
In base 7, what is 2 + -623?
-621
In base 5, what is -22 + 301?
224
In base 9, what is -177 - -2?
-175
In base 11, what is 2 - 440?
-439
In base 16, what is 3 - 494?
-491
In base 16, what is -1 + 10?
f
In base 12, what is -2 + -a5?
-a7
In base 7, what is -16 - -152?
133
In base 14, what is 57 + 0?
57
In base 10, what is -43 + -19?
-62
In base 9, what is 86 - 2?
84
In base 10, what is 2760 + 4?
2764
In base 15, what is -4 + 37e?
37a
In base 4, what is 1 + 1031?
1032
In base 2, what is -1000 + 100?
-100
In base 7, what is -12 - 4?
-16
In base 13, what is 95 - -62?
127
In base 3, what is -21112 - -2111?
-12001
In base 2, what is 10001 - -1010?
11011
In base 8, what is -406 - 7?
-415
In base 13, what is -1724 + -4?
-1728
In base 8, what is -43 + -404?
-447
In base 16, what is 45 - 6a?
-25
In base 15, what is 584 + 6?
58a
In base 14, what is b - -a90?
a9b
In base 14, what is 37 + -2?
35
In base 8, what is 4 - 7?
-3
In base 5, what is 3032 - 11?
3021
In base 6, what is 30501 + 5?
30510
In base 4, what is -13032 + -10?
-13102
In base 6, what is -4 + -1251?
-1255
In base 11, what is 1 - -59?
5a
In base 9, what is 146 - -1?
147
In base 15, what is 1 + -4a7?
-4a6
In base 15, what is 96 + -4?
92
In base 14, what is 5 - -319?
320
In base 4, what is -122 - -33?
-23
In base 4, what is -10102 + -320?
-11022
In base 8, what is -1 + -730?
-731
In base 16, what is 7b5 + 0?
7b5
In base 2, what is 11 - 1100000011?
-1100000000
In base 16, what is -3cc - 6?
-3d2
In base 7, what is 124 - -22?
146
In 